uppose 125 = 3*q + 2*a, 286 = k*q - 4*a + 85. What is the tens digit of q?
4
Suppose 0 = 29*k - 4*k - 51775. What is the units digit of k?
1
Let h = 1269 - 858. What is the hundreds digit of h?
4
Suppose -8*b + 19 = -21. Suppose 5*h = -b*i + 1320, -500 = 2*i - 4*i + 5*h. What is the tens digit of i?
6
Let r(v) = v**3 - 4*v + 3. Let u be r(2). Suppose 2*w = u*h + 79, -6*w + 4*h + 187 = -w. What is the tens digit of w?
3
Let a = 185 + -106. Suppose -v - 4*v + 575 = 0. Let j = v - a. What is the tens digit of j?
3
Let l be -52*((-27)/(-2) - 1). Let u be 2/4 - l/20. Let q = u - -9. What is the tens digit of q?
4
Suppose 0 = -y + 2 + 1. Suppose -4*o - y*q = q + 44, -5*o + 5*q = 105. What is the units digit of o*((-27)/12 + 1)?
0
Suppose 2*t - 4*t = 0. Suppose t = 4*p - 3*p - 33. Suppose n - q = -4*n + 207, 0 = -n - 4*q + p. What is the tens digit of n?
4
Suppose -5*k = 3*s - 221, -5*k + 3*s + 0*s = -209. Let b(a) = -a**3 - 3*a**2 + 2*a - 3. Let d be b(-4). Suppose -d*q - k = -163. What is the tens digit of q?
2
Suppose -2*u + 8823 = 5*f + 2749, f + u - 1213 = 0. What is the hundreds digit of f?
2
Let p(s) = -s**3 + 12*s**2 + 13*s + 4. Let c be p(13). Let j(w) = 13*w + 5. What is the tens digit of j(c)?
5
Let z(h) = h**2 - 5*h + 3. Let f be z(-3). Let w = f - -6. What is the units digit of w?
3
Let z(g) = -9*g - 15. Let q(p) = p - 2. Let o(w) = 2*w - 3. Let n(b) = 3*o(b) - 5*q(b). Let f(i) = 6*n(i) + z(i). What is the units digit of f(-7)?
2
Suppose -3*x - 15 = -v, -4*x - 7 - 3 = 2*v. Let w(q) = 8*q**2 - 4*q + 2. What is the tens digit of w(v)?
6
Let m(s) = -976*s + 146. What is the units digit of m(-2)?
8
Suppose -5*r = 2*x - 7423, -11642 = -2*x + 4*r - 4174. What is the thousands digit of x?
3
Let m be (51/34)/(1/2). Suppose l - m = -0*l. Suppose -2*p = s - 29, -l*p + 72 = 3*s - 0*p. What is the units digit of s?
9
Let w = -32 + 48. Let t = w + -14. Suppose -23 = -t*h - 7. What is the units digit of h?
8
Let p be 28/(-8)*(4 - 2). Let a be 1*64 - (5 + p). Suppose 4*i - 58 = a. What is the tens digit of i?
3
Let z be (-8697)/(-52) + (-6)/(-8). Suppose -4*i + 192 = -4*y, 2*i + 4*y - z = -2*i. What is the tens digit of i?
4
Let t(r) = r + 7. Let p be t(-6). Let h(v) = -13*v**3 - 2*v + 1. Let u be h(p). What is the units digit of u/(-5) + (-1)/(-5)?
3
Suppose 0 = 4*n - 16, 4*z + n + 0*n = 4. Suppose -5*i - 11 + 541 = z. What is the hundreds digit of i?
1
Suppose 146*i = 141*i + 16410. What is the thousands digit of i?
3
Let o(d) = -6*d**2 + 4. Let p be o(2). What is the units digit of 11/(-1 + (-24)/p)?
5
Let l(k) = k + 4. Suppose 0 = -0*t + 5*t - 35. Let y = t + -10. What is the units digit of l(y)?
1
What is the units digit of 89 + (-12)/4 - -4?
0
Suppose 2*j - 3*d = j + 11, -d = 4*j - 31. Suppose -2*q - 3*z + 28 = 0, 0 = 5*q - 2*z + j - 78. Let a = q - 5. What is the units digit of a?
9
Let g(v) = 3188*v**2 - 12*v + 11. What is the units digit of g(1)?
7
Suppose 131 + 366 = 7*l. Let z = 103 - l. What is the units digit of z?
2
Let w(i) = -4*i + 0*i - 5 + i**2 + 8. Let c be w(4). Suppose 2*y + 5*v - 110 = 3*v, -2*y + c*v + 90 = 0. What is the tens digit of y?
5
Let c(r) = r + 15. Let f be c(-13). Suppose f*b = 6*b - 176. What is the tens digit of b?
4
Let x = -241 - -239. Let z(c) be the second derivative of -c**5/10 + c**4/4 + 2*c**3/3 + 3*c**2/2 + c. What is the tens digit of z(x)?
2
Let y(v) = 6*v - 26. Let g be y(17). Let d = g - 22. What is the units digit of d?
4
Suppose 0 = -i + 2*i - c - 6, -3*i + 8 = 2*c. Suppose x - 15 = i*x, 5*n + 4*x - 175 = 0. What is the units digit of n?
9
Let u(i) be the second derivative of -i**5/20 - i**4/12 - i**3/6 - 41*i**2/2 - 53*i. What is the tens digit of u(-7)?
6
Let r be -3*(-16)/(-12) + 2. What is the units digit of r + 74*3/6?
5
Suppose 5*p + 3*m = 4*p + 1343, -2*p + 2686 = -2*m. What is the hundreds digit of p?
3
Let c(i) = -103*i - 25. What is the hundreds digit of c(-6)?
5
Suppose h - 4*u = 322 + 16, -4*h + 1280 = 2*u. What is the tens digit of h?
2
Let y be 1/((-4)/100)*-4. Suppose 5*u - y = 295. What is the tens digit of u?
7
Let m(y) = 5*y - 9. Let b be 126/4 + 60/(-40). Suppose 3*v = -2*t - 0*t + 20, v - b = -3*t. What is the tens digit of m(t)?
4
Let f = 250 - 172. Let z = -54 + f. What is the tens digit of z?
2
Let b(d) = d**2 + 2. Let m be b(0). Suppose 0 = -4*j + 1 - 17, 2*a + 4 = -m*j. Suppose -a = -0*v - v. What is the units digit of v?
2
Suppose 4*c - 277 = c + 2*s, -3*c = 3*s - 252. Let x = 20 - 14. Suppose -c - x = -5*m. What is the tens digit of m?
1
Let v = -73 + 76. Suppose 0 = v*c - 365 - 79. What is the units digit of c?
8
Let v(b) = -b**3 + 8*b**2 - 3. Let q be v(8). What is the units digit of (2 - -184) + 3/q?
5
Suppose -4*m + 4*s = -3 - 1, 4*m + s + 1 = 0. Let z(k) = -4*k - 5. Let g be z(-2). Suppose -5*h + g*f = -36, -h + 0*h - f + 4 = m. What is the units digit of h?
6
Suppose -175 = -2*b + 67. What is the units digit of 22/b + 922/11?
4
Suppose 2*t - 198 = -4*l, 9*l - 225 = 4*l + 5*t. Let m = 54 - l. What is the units digit of m?
6
Suppose 0 = 6*u - 9*u. Suppose u = 9*t - 6*t - 141. What is the tens digit of t?
4
Let q(p) = -p - 17 + 7 + 2*p + p. Let h be q(7). Suppose 15 = h*g - 0*t - t, -3*g - t + 20 = 0. What is the units digit of g?
5
Let j be 21/35 - (-7)/5. Let i be (j - 38/(-2))*5. Suppose k = -4*k + i. What is the units digit of k?
1
Let i = -37 - -40. Suppose i*w - 190 = 17. What is the tens digit of w?
6
Suppose 24*q - 21*q - i = 7613, 2*i - 5070 = -2*q. What is the hundreds digit of q?
5
Let p(w) = -w**2 + 10*w - 9. Let i be p(9). Let q(l) = -2*l**2 + 5. What is the units digit of q(i)?
5
What is the units digit of (-2195)/((4 + 5)/(-9))?
5
Let u(g) = g**3 + 9*g**2 - 3*g - 19. Let k be u(-9). What is the units digit of 120/18*(2 + k/(-10))?
8
Let n(c) = 3*c**2 - 1. Let p be n(-1). Suppose 4*f = 3*z - z - p, -5*f = 4*z - 17. Suppose 0 = -u + z + 13. What is the tens digit of u?
1
Let b = -35 - -38. Suppose 2*a = -2*s + 70, -185 = -5*a - b*s - 0*s. What is the tens digit of a?
4
What is the units digit of (1/(-3))/(6/(-18342))?
9
Let b(s) = -135*s**3 + s**2 - 2*s - 3. Let z be b(-1). Suppose -j = 2*u + 4*j - 54, -5*u + z = 2*j. What is the units digit of u?
7
Suppose -2*j - 6 = -58. Suppose 4 = 5*c + 5*b - j, -5*c - 20 = -5*b. What is the units digit of c?
1
Let a = -87 + 37. What is the units digit of 1*(-1)/5 - 3760/a?
5
Let m be (-4)/14 - 153/(-21). Let q = -3 - m. Let d = 5 - q. What is the tens digit of d?
1
Let j(q) = q + 14. Let t be j(-6). Let b(z) = -z**3 + 10*z**2 - 14*z + 18. What is the tens digit of b(t)?
3
Let k = 18 - 28. Let f = 18 + k. Let t = f - -8. What is the units digit of t?
6
Suppose 7*d + 2*c - 1015 = 4*d, -d - 4*c + 355 = 0. What is the tens digit of d?
3
Let n(u) be the first derivative of u**4/4 - 3*u**2/2 - 6*u - 7. What is the tens digit of n(4)?
4
Let s = -118 + 20. Let k be 0 + 1 - -2 - -137. Let c = k + s. What is the units digit of c?
2
Let l be 4*122/16*6. Suppose -l = -7*n + 146. What is the tens digit of n?
4
Let g = 5 + -5. Suppose u - 105 + 86 = g. What is the units digit of u?
9
Let g(k) = -k**3 + 36*k**2 - 52*k + 170. What is the thousands digit of g(33)?
1
Let l(h) be the first derivative of 68*h**3/3 + h**2/2 - 1. Let y be (-1 + 2)/(12/12). What is the units digit of l(y)?
9
Let x = -4974 - -8142. What is the units digit of x?
8
Suppose -z = -6 + 1. Let p(i) = i**3 + 4*i**2 + 3*i + 2. Let h be p(-2). Suppose z*m - 10 = h*m. What is the tens digit of m?
1
Let g(h) = -3*h**2 + 5*h + 4. Let p(c) = -5*c**2 + 7*c + 6. Let i(q) = -8*g(q) + 5*p(q). Let w be i(-4). Suppose 7*n - 45 = w*n. What is the units digit of n?
9
Suppose -c - 4968 = -z, -2*z - 5*c + 3067 = -6834. What is the units digit of z?
3
Let f(y) = -2*y**2 + 3*y - 1. Let q be f(-4). Let k(t) = 6*t + 7. Let w be k(-5). Let r = w - q. What is the units digit of r?
2
Suppose -t = 5*l - 427, 0 = -4*l - 4*t + 8*t + 332. Suppose -19 = d - l. Let w = d - 26. What is the units digit of w?
0
Suppose -38 = -3*f + 61. Let l = f + 111. What is the tens digit of l?
4
Let d = -1853 + 4336. What is the thousands digit of d?
2
Let t(p) be the second derivative of p**4/12 + p**3/3 - 7*p**2/2 + p. Let m be 57/19 - (2/(-1) - -10). What is the units digit of t(m)?
8
Suppose 0 = -4*b - 3